s of v(-17)?
41
Suppose -7*u + 2*u = 25, -4*g = -4*u - 164. Suppose 3*n - n + 5*a - 64 = 0, -2*n = -2*a - g. What are the prime factors of n?
2, 11
What are the prime factors of (-3 + 30)*88/12?
2, 3, 11
Let n be (-8)/(-12)*1*63. Suppose -5*r + 157 = n. What are the prime factors of r?
23
List the prime factors of (-1112)/(-48) - 2/12.
23
Let p(s) = 2*s**2 + s + 3. What are the prime factors of p(7)?
2, 3
Let g = 2 + 0. Suppose 0 = 5*d - 3*t - 28, -g*t - 3*t = -20. What are the prime factors of d?
2
Let c = -2 + 7. Suppose 4*b = c*f + 5*b - 19, 4*f - b = 17. List the prime factors of f.
2
Suppose -y + 5 = -4*y - 5*b, 12 = -3*b. Suppose -y*z = 3*m + 16, 5*z = m - 37 + 9. Suppose -27 = -m*h + 3. What are the prime factors of h?
2, 5
Suppose -2*g = 2*g - 84. List the prime factors of g.
3, 7
Suppose -3*s - 2*v + 4 = 0, -18 - 18 = -5*s + 4*v. Suppose -76 = 5*x - 2*w, 0 = s*x - 2*w + w + 59. List the prime factors of 1/(-3) + x/(-6).
2
Let s = -15 + 21. List the prime factors of (-21)/14*(-16)/s.
2
Let h(w) = -w + 14. Let t be h(12). Suppose -3 = -t*z + 1. List the prime factors of z.
2
List the prime factors of (-20)/(-70) + 2908/14.
2, 13
Let m(z) = z**3 + 10*z**2 + 10*z + 8. Let x be m(-9). Let i be x/((-2)/80) - 1. Suppose 0*j = 3*j - i. What are the prime factors of j?
13
Let v(p) = p**2 + 4*p + 5. Let d be v(-4). Suppose -15 - d = -y. List the prime factors of y.
2, 5
Let v(q) = q**2 - 6*q - 4. Let b be 14/4*(0 - -2). What are the prime factors of v(b)?
3
Suppose -2*g = -17 - 15. Suppose 2*n = g + 2. Let i = n - 5. What are the prime factors of i?
2
Suppose -c + 2 = 2*a + 2*c, -5*a + 22 = -c. What are the prime factors of a?
2
Let q be 3/(2 - (-10)/(-6)). Let a = -1 + q. What are the prime factors of a?
2
Let i = 251 - 171. What are the prime factors of i?
2, 5
List the prime factors of ((-13)/(13/(-30)))/((-10)/(-105)).
3, 5, 7
Let a(i) = -3*i**3 - 2*i**2 + i + 4. Let j be 1/(-2) + (-6)/4. What are the prime factors of a(j)?
2, 3
Let a(o) = -o**3 + 3*o**2 + 4*o - 4. Suppose 0*m = 4*m - 8. Let n be 2 + -2 + m - -1. List the prime factors of a(n).
2
Let i = -2 - -6. Suppose -4 = -2*a - 2*a + 4*n, 0 = a - i*n + 11. Suppose -u + a*u - 28 = 0. List the prime factors of u.
7
Let b = 11 + -8. Let v = b - 5. What are the prime factors of (1 - -15)*(-1)/v?
2
Suppose 0 = 5*u + 2*b, -5*u + 2*b = -b - 25. Suppose -36 = -4*a + u*a. List the prime factors of a.
2, 3
Let k = -72 + 36. Let b = 53 + k. What are the prime factors of b?
17
Suppose 0 = -5*s + 4*h + 2, -2*s - 3*h - 10 = -h. Let l be -1 - (s + (-35)/1). Suppose 3*f + l = 7*f. List the prime factors of f.
3
Let s = -41 + 59. Let b = s + -7. What are the prime factors of b?
11
Suppose 2*k - 9*k + 392 = 0. List the prime factors of k.
2, 7
Suppose 2*l = 33 + 55. What are the prime factors of l?
2, 11
Suppose 3*f + 0*f = 0. Suppose t - 5 = f, 5*m - 3*t - 34 - 156 = 0. What are the prime factors of m?
41
Let m = 83 - 49. List the prime factors of m.
2, 17
Suppose 15 = -2*i + 5*s, i + 10 = -0*i + 5*s. Let v = -3 - i. What are the prime factors of v?
2
Let l = 25 - 13. List the prime factors of l.
2, 3
Suppose o - 2*k = -6*k + 123, 0 = o + 5*k - 123. List the prime factors of o.
3, 41
Let m = 64 + -37. What are the prime factors of m?
3
Suppose 4*j + j - 49 = -3*m, -m = -4*j + 29. Let n be 34/j + (-3)/12. Suppose n*z - 9 = -3*c + 18, -3*c - 3*z + 24 = 0. List the prime factors of c.
5
Let l = 6 - -45. Let s = -33 + l. What are the prime factors of s?
2, 3
Let w be -2 + 1 + 0 - -52. Suppose 4*m + 19 = w. What are the prime factors of m?
2
Suppose -4*o - 2*v + 26 = 0, 5*v - 2*v = -3*o + 24. Suppose -o*j + 3*j = -56. List the prime factors of j.
2, 7
Let o = 9 - -1. What are the prime factors of o?
2, 5
Let s(w) = w**3 + 16*w**2 - 4*w + 22. List the prime factors of s(-16).
2, 43
Let u(k) = k**3 - 4*k**2 - 3*k - 2. Let x = -6 - -11. What are the prime factors of u(x)?
2
Let i(t) = 8*t**2. Let j be i(1). Suppose 7*q + 32 = j*q. List the prime factors of q.
2
Let m = 9 + -5. Suppose 7*h - 2*h - 35 = 0. Suppose -h = -f - m. List the prime factors of f.
3
Suppose -2*y - 3*a - 12 = -y, 4*y + 21 = -3*a. List the prime factors of y - (-3 - -6 - 26).
2, 5
Let g(v) = -v + 1. Let n(f) = -2*f**2 - 10*f - 4. Let k(t) = 2*g(t) - n(t). Let l be (-14)/(-35) - 54/10. List the prime factors of k(l).
2
Let v(j) = -j**2 - 6*j + 6. Let g be v(-6). Suppose 4 = 3*o - 2*l - g, l = 2*o - 6. Let b = 4 - o. What are the prime factors of b?
2
Let h = -8 + -84. Let g = -55 - h. List the prime factors of g.
37
Suppose 2 = -3*s + 4*s. Let v = s - -5. Suppose -2*a + 35 - v = 0. List the prime factors of a.
2, 7
Let p be (-814)/(-10) - 16/40. Suppose 0*m - p = -3*m. What are the prime factors of m?
3
Let i(a) be the third derivative of -a**6/120 - a**5/15 + a**4/4 + 5*a**3/6 - a**2. Let c be i(-5). Let l = c + 14. List the prime factors of l.
2, 7
Let s(a) = -a**3 + 11*a**2 - 2*a. What are the prime factors of s(8)?
2, 11
Let h be (-57)/(-9) - 4/(-6). Let t(b) = 4*b**2 - 2*b - 1. Let c be t(-1). Let j = h - c. What are the prime factors of j?
2
Let v(w) = 2*w + 1. Let t be v(1). Suppose 0 = 2*c - t*f - 7, -2*c + 23 = -4*c - 3*f. List the prime factors of 1/(-4) + (-37)/c.
3
Let q(k) = k + 11. Suppose 24 = -4*x + 2*u + 2*u, 0 = -4*x - 5*u - 15. What are the prime factors of q(x)?
2, 3
Let m = -7 + 11. Let j(c) = -3*c. Let b be j(-1). Suppose -5*g = 3*w - 28, m*w - 9*w + 52 = b*g. List the prime factors of w.
11
Suppose 0*x - 48 = -4*g - 3*x, -3*x - 12 = -g. What are the prime factors of (-2)/(-4) - (-126)/g?
11
Suppose 0 = 2*h + 5*r - 169, -2*r + 4*r - 298 = -4*h. List the prime factors of h.
2, 3
Suppose 0 = -4*k - 138 + 370. Suppose -2*n + 0*n + 42 = -p, 2*n = -3*p + k. Suppose q - n = -7. List the prime factors of q.
2
Let n(p) be the second derivative of p**5/20 - 2*p**3/3 + 3*p**2/2 + 3*p. Let h(m) = -m - 4. Let j be h(-7). What are the prime factors of n(j)?
2, 3
Let g = 43 + -38. Let a(d) = -4*d**2 + d**3 - d**2 - d + 2*d + 2. What are the prime factors of a(g)?
7
Let f(l) = -5 + 2*l**2 + 2 - 141*l + 129*l. List the prime factors of f(7).
11
Let u = 35 + -14. Let j = u - 15. What are the prime factors of j?
2, 3
Let i be (-3)/(-6)*8 + -2. Suppose 2*d + 0*l - 15 = 5*l, -4*l + 24 = i*d. What are the prime factors of (-6)/(-5)*25/d?
3
Let p(q) = q**2 - 5*q - 3. Let a be p(6). Let j(k) = -a*k - k + 3 + 0*k. What are the prime factors of j(-4)?
19
What are the prime factors of 214 + (4 - 5)/(-1)?
5, 43
Let y = 22 + -9. List the prime factors of y.
13
Suppose -3*j = -2*p + 186, -3*p - 2*p = 3*j - 465. List the prime factors of p.
3, 31
Suppose 4*v - 124 = -36. List the prime factors of v.
2, 11
Suppose -2*q + 42 = -0*q. Let n = q + -8. List the prime factors of n.
13
What are the prime factors of ((-12)/4)/(1 + 753/(-744))?
2, 31
What are the prime factors of 1/((1 + -3)/(-24))?
2, 3
Suppose -o - 6*o = -371. List the prime factors of o.
53
Suppose 5*s - 5*c = 260, 2*s - 70 = -3*c + 54. What are the prime factors of s?
2, 7
Let d(s) = s**2 + s. Let g(u) = u**2 - u + 1. Let a(l) = -d(l) + 2*g(l). What are the prime factors of a(3)?
2
Let z(p) = p + 10. Let s be z(0). Suppose 2 = -2*o - s. What are the prime factors of (-1)/(-2) + (-45)/o?
2
Suppose -25 = 5*c - 10. Let g be (-1)/c*(-7 - -19). Suppose -6*m - s + 23 = -g*m, 3*m = 4*s + 7. What are the prime factors of m?
3
Suppose -l + 5*j + 86 = l, 0 = -l - 4*j + 56. Suppose -2*t + 6*t = l. What are the prime factors of t?
2, 3
Suppose -158 = -4*h + 442. What are the prime factors of h?
2, 3, 5
Suppose 5*v = 5*t - 865, 3*t + t - 2*v = 702. List the prime factors of t.
2, 89
Let j = 2 - -1. Let k = j - -3. What are the prime factors of k?
2, 3
Let x = -388 - -557. List the prime factors of x.
13
Let b(s) = -s**3 - s**2 - s - 4. What are the prime factors of b(-3)?
17
Let l = 28 + 197. What are the prime factors of l?
3, 5
Let v(p) = -2 - 6*p - 2 + 3 + 2. What are the prime factors of v(-2)?
13
Let s = -66 - -81. What are the prime factors of s?
3, 5
Let u(f) = 2*f**3 + 2*f**2. Let y be u(2). Suppose -y = 3*z - 105. What are the prime factors of z?
3
Let i = -11 - -13. Suppose -i*f = 11 - 69. List the prime factors of f.
29
Let r(p) = p**3 + 4*p**2 - 2*p - 1. Let l be r(-3). Let b = l - 2